((-10)/75)?
14
What is the remainder when (-77)/(-7) + 1133 - 3 is divided by 52?
49
Let i be 3/(-2) + (36/(-8))/(-9). What is the remainder when (-2*77/(-42))/(i/(-24)) is divided by 18?
16
What is the remainder when 33 is divided by -2*(196/(-7))/7?
1
Let t be 3 - 0 - (-3)/(-1). Let j(z) = 3 + t - 2*z**2 + 11*z**3 - 2. What is the remainder when j(1) is divided by 4?
2
What is the remainder when 6 - -1 - (-2192)/16 is divided by 77?
67
Suppose -d - 6*k + 27 = -k, -3*d + 3*k = -27. Calculate the remainder when 213 is divided by d.
9
Let b(x) = 8*x - 74. Calculate the remainder when 61 is divided by b(10).
1
Suppose q = 4*w - 61, 0*q + w = 2*q + 87. Let j = -30 - q. What is the remainder when 52 is divided by j?
8
Suppose 411 = 17*z - 2785. What is the remainder when z is divided by 48?
44
Let v = 268 + -77. What is the remainder when v is divided by 13?
9
Let o be (-1)/2 - (-76)/8. What is the remainder when 31 + (-3)/o*0 is divided by 2/(-2*(-4)/32)?
7
Let q = -688 - -695. What is the remainder when 241 is divided by q?
3
Let d(n) = n**3 + 21*n**2 + 16*n + 77. Calculate the remainder when d(-20) is divided by 82.
75
What is the remainder when (2/2 + -18)*-2 is divided by (8 - 26)*(-3)/6?
7
Suppose -2*u - 346 = -4*b, u + 247 = 3*b + 2*u. Suppose 6*q - b = 36. Let o = 105 + -48. Calculate the remainder when o is divided by q.
17
Let i be (-1*1)/(8/(-48)). Let x(h) = 3*h - 12. Let n be x(i). Let p = n - 5. Calculate the remainder when 2 is divided by p.
0
Let p = -30 - -48. Let c be ((-8)/12)/((-4)/78). Let l = p - c. What is the remainder when 13 is divided by l?
3
Let c(b) = -5*b - 201. Let q = -2 - -8. Calculate the remainder when q is divided by c(-41).
2
Let m(b) = b**3 - 11*b**2 - 14*b + 1. Let o be m(12). Let k = -13 - o. What is the remainder when 38 is divided by k?
8
Suppose 8*t - 8 - 8 = 0. Let m(v) = v - 2 + 13*v**t + 4*v - 2*v. Calculate the remainder when 27 is divided by m(1).
13
Suppose 4*p - 4*v = 592, 0*v + 595 = 4*p - 5*v. Calculate the remainder when p is divided by 3.
1
Let d = -15 - -73. Let f = 23 + -11. Calculate the remainder when d is divided by f.
10
Suppose 2*u - 5*u + 57 = 0. Let y be (-2)/(0 - (-4)/102). Let g = 4 - y. What is the remainder when g is divided by u?
17
Suppose -t = 3*y - 226, 4*y + t - 308 = 3*t. Suppose -n - 9 = -35. What is the remainder when y is divided by n?
24
Suppose 3*s + 28 = 5*s. What is the remainder when s is divided by 2/(-6) + 50/6?
6
Let k(l) = 4*l**2 - 3*l + 1. Let n be k(3). Let p = n + -16. Suppose 4*d - 5*d + p = 0. What is the remainder when 32 is divided by d?
8
Suppose 3*c + 40 = -c. Let b be (-2)/((-25)/c - 2). Let j(f) = -2*f**3 - 7*f**2 - 4*f + 7. What is the remainder when j(b) is divided by 10?
9
Suppose -5*j = -10*q + 5*q - 125, 4*q = -4*j - 92. Calculate the remainder when (-3)/(-9) - 328/q is divided by 9.
5
Let t = -32 + 47. Suppose -3*o = -363 - 24. Let p = -41 + o. Calculate the remainder when p is divided by t.
13
Let b(m) = -m**3 + 9*m**2 + m - 51. Let r(f) = f**3 + 10*f**2 + 2*f - 10. Calculate the remainder when r(-7) is divided by b(8).
18
Let g(n) = -n + 1. Let t be g(2). Let u = t + 11. Calculate the remainder when 29 is divided by u.
9
Suppose -10*r + 0*r = -6220. What is the remainder when r is divided by 12?
10
Let m(w) = w**2 + 5*w - 9. Let l be m(-7). Suppose l*f - 18 = 7. Suppose f*g - i - 262 = -2*i, -i + 103 = 2*g. What is the remainder when g is divided by 18?
17
Suppose 2*s = 6*s - 228. Let u(x) = -21*x + 135. What is the remainder when s is divided by u(5)?
27
Suppose 87*d - 900 = 57*d. What is the remainder when 89 is divided by d?
29
Suppose -6*r - 13 + 97 = 0. Calculate the remainder when 57 + 1/(3/(-9)) is divided by r.
12
Let b = -406 + 450. What is the remainder when b is divided by 14?
2
Suppose -5*v = -4*v - 26. Suppose -v*d + 30*d - 348 = 0. What is the remainder when d is divided by 11?
10
Let j = 2 + -3. Let t(w) be the first derivative of 14*w**3/3 - w + 116. What is the remainder when 24 is divided by t(j)?
11
Suppose 6 = y - 5*h, 9 = 5*y + h - 5*h. What is the remainder when y/(-3 + 2 - (-216)/212) is divided by 14?
11
Let p = 0 - -3. Suppose 3*o - o = 4*w + 22, 4*w = 8. Calculate the remainder when o is divided by p.
0
Suppose 0 = 5*f + f. Suppose a + 12 - 53 = f. Calculate the remainder when a is divided by 9.
5
Let n be (-42)/(-98) + 627/7. Let o = n + -74. Calculate the remainder when 141 is divided by o.
13
Let w(v) be the third derivative of 0 + 1/3*v**3 + 0*v + 5/24*v**4 - v**2. What is the remainder when 48 is divided by w(3)?
14
Let v(d) = -d**2 - 3*d. Let g be v(-2). Suppose 0 = -g*a + 3*w - 38 + 189, 2*a + 4*w = 116. Let x = 34 - 11. Calculate the remainder when a is divided by x.
22
Suppose 0 = -2*q - 0*q. Suppose -3*k - 2*l + 10 + 12 = q, 5*l = -5*k + 45. Calculate the remainder when 10 is divided by k.
2
Let p(h) = 48*h**3 - h**2 + 5*h + 6. Let u(i) = 16*i**3 + 2*i + 2. Let d(v) = -3*p(v) + 8*u(v). Calculate the remainder when d(-2) is divided by 46.
44
What is the remainder when 103 is divided by 3 - (4 - 8) - -6?
12
Suppose 0 = 3*v + 272 - 821. Calculate the remainder when 369 is divided by v.
3
Let z(l) = l + 7. Let r be z(-8). Calculate the remainder when (3/2)/(1/18) is divided by -1*(1 + -9 - r).
6
Let i = 508 + -501. Calculate the remainder when 38 is divided by i.
3
Let t = 256 + -248. What is the remainder when 70 is divided by t?
6
Let s(f) = 91*f**2 + 3*f + 10. Let q be s(-3). Suppose 0*u - b = u - 260, 3*u = 5*b + q. What is the remainder when u is divided by 38?
37
Calculate the remainder when 138 is divided by (-63)/108*-100*(-6)/(-5).
68
Let q = 1137 + -1132. What is the remainder when 88 is divided by q?
3
Let k(h) = h**3 - 20*h**2 + 75*h - 80. What is the remainder when 379 is divided by k(16)?
91
Suppose -14*j - 12*j + 26 = 0. What is the remainder when 20 is divided by j?
0
Suppose -4582 = -2*k - 3936. What is the remainder when k is divided by 8?
3
Let o = -32 - 57. Let h = o + 99. Let j = -10 + 14. Calculate the remainder when h is divided by j.
2
Let n(r) = r**3 + 7*r**2 - 5*r + 5. What is the remainder when n(-6) is divided by 37?
34
Suppose 0 = 2*v + 2 - 94. Suppose -5*t = -4*y - v, 4*t - 3*y - 55 = -19. Calculate the remainder when 35 is divided by t.
5
Suppose 26 - 8 = 3*x. Let y be (-3)/((-3)/(-12) + (-2)/40). Let h = y + 18. What is the remainder when x is divided by h?
0
Let r(b) = b**3 + 6*b**2 + b + 2. Calculate the remainder when r(-4) is divided by (152/(-361))/((-4)/38).
2
Let r(v) = -163*v - 639. Let s be 5/(10/8) - 2. Let p(i) = 25*i + 1. Calculate the remainder when p(s) is divided by r(-4).
12
Suppose -5*a + 2*a + 132 = 0. Suppose -c + 4*s - 12 = -49, 2*c + 2*s - 114 = 0. Calculate the remainder when c is divided by 608/a + 6/33.
11
Let r = 2057 + -1150. What is the remainder when r is divided by 65?
62
Let b(x) = 24*x + 2. What is the remainder when b(6) is divided by 30?
26
Let p(i) = -3*i**3 - 11*i**2 - 8. Calculate the remainder when p(-5) is divided by 32.
28
Suppose 213 = v + 180. Suppose -17 = -5*f + 3*p, -4*f + 3*p + 14 - 1 = 0. Calculate the remainder when v is divided by f.
1
Let c(l) = l**3 + 8*l**2 + 2*l - 4. Let b be 5/(-15)*(-1 - -1). Let q = 8 + b. What is the remainder when c(-7) is divided by q?
7
Let f(u) = u**3 - 57. Let n be f(0). Let w = -40 - n. What is the remainder when w is divided by 11?
6
What is the remainder when 102 is divided by ((-2)/6)/((-12)/252)?
4
Suppose 0 = 6*i - 54 + 36. What is the remainder when 28 is divided by i?
1
What is the remainder when 91 is divided by (-10101)/(-312) + 3/(-8)?
27
Suppose 0 = 11*v - 1254 - 825. What is the remainder when v is divided by 32?
29
Let i(r) = 54*r**2 + 2*r + 1. Let p be i(-1). Suppose 2*k - 45 = p. Suppose 4*o - 7 = k. Calculate the remainder when 27 is divided by o.
13
What is the remainder when 61 is divided by (-1)/(-3) + -1*611/(-39)?
13
Suppose 8*a = 571 + 3493. What is the remainder when a is divided by 7?
4
Suppose r - 8 = 58. Suppose 4*s = -5*t + r, t - 2*s = -t + 30. What is the remainder when 53 is divided by t?
11
Let j(h) = 11*h**2 - 2*h + 4. Suppose 4*g - 21 + 13 = 0. Calculate the remainder when 86 is divided by j(g).
42
Let d(a) be the second derivative of -7*a**3/3 + 7*a**2/2 + 8*a. What 